tens digit of d?
9
Let f = -74 - -117. Suppose 0 = -5*m + f - 13. Suppose -3*q - 5*p + 52 = 0, 2*q = m*q - 2*p - 52. What is the tens digit of q?
1
Let b be (6/(-10))/(4/(-20)). Suppose -b = 2*h - 11. What is the units digit of h?
4
Let x be (-16)/9 + (-2)/9. Let n be x/(-3)*(-345)/(-10). Let q = -15 + n. What is the units digit of q?
8
Let f = 17 + -7. Let p = -6 + f. What is the units digit of p?
4
Let d(f) = -f**2 - 12*f + 4. Let n be d(-12). Suppose -n*j = -j - 138. What is the tens digit of j?
4
Let z = 42 - 1. What is the units digit of z?
1
Let f = 29 + -18. Suppose -1 = 4*a + f. Let r = a + 20. What is the units digit of r?
7
Suppose r = -r - 2. Let v be (16/(-20))/(r/(-5)). Let o = v - -22. What is the tens digit of o?
1
Let u(d) = 6*d**2 - 1. Let n be u(1). Let w be 12/(-2 + n) - 2. Let c = w - 0. What is the units digit of c?
2
Let j = -9 + 13. Suppose -j = g, 2*g - 3*g - 16 = -3*l. Suppose -4*x + 24 = z + x, l = 5*z - 4*x. What is the units digit of z?
4
Let f = 16 - -14. What is the units digit of f?
0
Let v be (-3 + 4)*(0 - 0). Let i(u) = u + 3. Let b be i(v). Suppose p + 24 = 5*j, 6 + 12 = b*j + 3*p. What is the units digit of j?
5
Let o(x) = x. Let k be o(0). Let p be (3/6 + k)*-12. What is the units digit of p + (-9)/(-3) + 12?
9
Let m(t) be the first derivative of -t**2/2 + t - 1. Let z(q) = -18*q + 9. Let h(c) = -15*m(c) + z(c). What is the units digit of h(-4)?
6
Suppose -2*m - 43 = s, -5*s + 23 = -3*m - 22. Let z be 3 + 2 + (-57)/3. Let p = z - m. What is the units digit of p?
6
Suppose -4*u - 8 = -84. What is the tens digit of u?
1
Let g(v) = v**3 + 7*v**2 - 4*v - 7. Let j be g(-7). Suppose 0*w + j = w. Suppose z = 4*z - w. What is the units digit of z?
7
Let n(z) = 2*z**2 + z**3 + 3 - 8*z**2 - 4*z + 4*z**2 + z**2. What is the units digit of n(3)?
9
Suppose b - 3*d = -0*d - 11, -41 = -4*b - 5*d. Suppose -v - 2*r = -5, 0*r - 46 = -b*v + 5*r. Suppose -x + v = -0*x. What is the units digit of x?
9
Let x = 228 - 144. What is the units digit of x?
4
Suppose -5*c = 78 - 3. What is the units digit of 5/(c/(-6)) - -7?
9
What is the units digit of 2/(4/(-2))*-13?
3
Let z be (-12)/(-8)*10 + 2. Suppose z + 20 = b. What is the units digit of b?
7
Let r(k) = -k**2 + 8*k + 7. What is the tens digit of r(6)?
1
Let n be (-1 - 14/(-6))*3. Suppose 0 = -5*a - 3*f - f + 9, 0 = n*a + 3*f - 8. Suppose 4*z - 56 = -2*s, a*s + 4 = 4*s. What is the units digit of z?
6
Let s(k) = k**2 - 11. Let r = 9 - 15. What is the tens digit of s(r)?
2
Let f = 189 + -119. Suppose -x - 72 = -3*n, -3*x - f + 15 = -2*n. What is the tens digit of n?
2
Let x be 0 + (-1 - -17)/2. Let o(f) be the first derivative of f**3/3 - 7*f**2/2 + f + 4. What is the units digit of o(x)?
9
What is the units digit of -1 + 4 + 21 + 1?
5
Let c(u) = -u**2 + 14*u - 8. Let v be c(13). Suppose 4*x + v*a = 37, -x - x = -3*a - 13. What is the units digit of x?
8
Let g(t) = -2*t**2 + 12*t + t**2 - 8*t**3 - 12*t - 2*t - 1. Suppose 0 = -2*i - 1 - 1. What is the units digit of g(i)?
8
Let j = -2 + -17. Let q = -6 - j. What is the units digit of q?
3
Let i(g) be the first derivative of -g**3/3 - 11*g**2/2 - 8*g - 3. Let v be i(-8). Suppose -2 + v = 2*z. What is the units digit of z?
7
Suppose 35 = t + 4*t. Let n(f) = f**2. Let y be n(-1). Let l = y + t. What is the units digit of l?
8
Let u be (-2672)/36 + (-4)/(-18). What is the units digit of u/(-10) - 10/25?
7
Let b be 2/(-3) + 10/(-3). Let v(d) be the third derivative of -d**6/120 - d**5/12 - 5*d**4/24 + d**3/3 - 2*d**2. What is the units digit of v(b)?
6
Let l = -15 + 24. Suppose 2*f + l = 79. What is the tens digit of f?
3
Let n(f) = f**3 - 7*f**2 + 3*f - 8. Let v be n(7). Let c = v + -11. What is the units digit of c?
2
Suppose 4*y - 188 + 16 = 0. Suppose -y = -4*q + 2*r - 5*r, -4*r - 77 = -5*q. What is the units digit of q?
3
Let i(b) be the first derivative of -b**4/24 - 3*b**2/2 - 2. Let v(y) be the second derivative of i(y). What is the units digit of v(-4)?
4
Let r be (-3)/4 + 23/4. Suppose -r*c - 1 = -y, -4*c = c + 4*y - 4. Suppose c = u - 5. What is the units digit of u?
5
Suppose -3*n - 99 = 2*m - 314, 4*n = 3*m + 264. Suppose -5*f + 1 = -n. Suppose 0 = -2*k + f + 26. What is the tens digit of k?
2
Let p be 1/3 + (-3)/9. Let y(v) = v**2 + 12. What is the tens digit of y(p)?
1
Suppose b + 825 + 59 = 3*a, 5*b + 290 = a. What is the units digit of a?
5
Let t(d) = 3 + 0*d - 5*d + 5 + 6*d. What is the units digit of t(0)?
8
Suppose 3*w = -12, 3*j = -2*j + w + 219. What is the tens digit of j?
4
Let z(v) = -8*v - 4. Let p be z(-6). Let s be (p/6)/(10/15). Suppose s = 5*q - 24. What is the units digit of q?
7
Suppose -5*y + 27 = -3*r, -5*y - 5*r + 0*r - 5 = 0. Suppose y*x = -x + 16. What is the units digit of x + 2 + 1/(-1)?
5
Let x be 16/(-24)*(-3)/2. Let n = 0 + x. What is the units digit of n?
1
Let s = 1 - -3. Suppose -7 = n + a + 3*a, -4*a = s*n - 20. What is the units digit of 47/n + (-10)/45?
5
Let s(p) = -p - 3*p - 7*p**2 + 3 + 8*p**2. Let g be s(4). Suppose 5*l - 61 = g*o, 4*l + o + 11 = 5*l. What is the units digit of l?
4
Let c be (-3)/(-1)*27/(-3). Let j = -18 - c. What is the units digit of j?
9
Let n = 27 - 39. Let o = -7 - n. Let x(l) = -l**2 + 8*l - 7. What is the units digit of x(o)?
8
Let r = -18 + 22. Suppose -3*f + 47 = -2*h + 129, 164 = r*h + 5*f. What is the tens digit of h?
4
Suppose 3*f - 845 = 3*n - 5*n, n - 280 = -f. What is the hundreds digit of f?
2
Suppose -k - 4*a = -26, 2*a + 59 = 4*k + 3*a. Suppose u - k = -3*i, u + i - 18 = -2*u. What is the units digit of u?
5
Suppose 3*t = -w + 6, -t - 4*t = -5*w + 10. Suppose 0 = -w*n + 47 + 25. What is the tens digit of n?
2
Let u be (-90)/(-24) + (-1)/(-4). Suppose -5*v = 2*s + 25, -3*v - 5 = 2*v. What is the units digit of (-4 + -1)*u/s?
2
Let s be 1*1/((-3)/(-9)). Let z = 7 - s. What is the units digit of z?
4
Let f = -10 + 14. Suppose -39 = b - f*b. What is the tens digit of b?
1
What is the tens digit of (2 - -27) + (-8)/(-4)?
3
Suppose -4*i + 56 = -0*i. What is the tens digit of i?
1
Let t = 225 + 6. What is the tens digit of t?
3
What is the units digit of 10/((-3*(-2)/(-132))/(-1))?
0
Suppose -3*l + 1092 - 67 = 5*f, 5*f - 1025 = -2*l. What is the tens digit of f?
0
Let b = 4 + 64. What is the units digit of b?
8
Let a be (-3)/(3 + 0)*5. Suppose -5 = 5*j - 40. Let h = a + j. What is the units digit of h?
2
Suppose -p + 4 = -33. What is the units digit of p?
7
Let a(v) = v + 1. Let d be a(-4). Let t be 6 - 1 - d/(-1). What is the units digit of (-305)/(-20) - t/8?
5
Let d(k) be the first derivative of k**3/3 + 3*k + 2. Let y be -6*(15/6 + -3). What is the tens digit of d(y)?
1
Suppose 0*z - z = 2. Let j be ((-1)/2)/((-2)/60). What is the units digit of (12/j)/(z/(-5))?
2
Let k(q) = -q**2 + 4*q - 9. Let p be k(9). What is the units digit of 1/(p/(-52) + -1)?
6
Let h(r) = 21*r - 2 - 6*r + 12*r. Let t be h(2). Suppose 3*j + 7 - t = 0. What is the units digit of j?
5
Suppose 2*b + 0*w - 102 = 2*w, 5*b = w + 271. What is the units digit of b?
5
Let o(m) = 5*m + 7. What is the units digit of o(6)?
7
Let c = -2 - -3. Let w(d) = -2*d - 7. Let h be w(-5). Let s = c + h. What is the units digit of s?
4
Let w = 83 + -50. What is the tens digit of w?
3
Suppose 48 + 90 = 2*f. What is the units digit of f?
9
Let h(f) = -f**3 - 4*f**2 - 3*f + 4. Let r be h(-3). Suppose r*v - 2 = 10. Suppose i = -3*x + 23, 4 = v*i - 4*x - 0. What is the units digit of i?
8
Let u = 38 - 4. Let w = 71 - u. What is the tens digit of w?
3
Suppose 0 = -6*f + 5*f + 182. What is the hundreds digit of f?
1
Let q(o) = o**2 - 8*o + 1. Let c be q(8). Suppose -4*u + 3*b - 1 + 4 = 0, -b = 5*u + c. Suppose u*j = -5*j + 35. What is the units digit of j?
7
Suppose -5*d + 43 = -22. What is the units digit of 466/d + 2/13?
6
What is the tens digit of -4 + 6 + (0 - -15)?
1
Let q = 7 - 7. Suppose -2*a = -3*p - 0*a + 8, 5*p + 5*a - 30 = q. What is the units digit of p?
4
Let v be (6/(-5))/((-2)/(-5)). Let g = 26 + v. What is the units digit of g?
3
Let m = 3 + -4. Let h be (1 - 0)/(m/(-11)). Suppose f - 4*t = -7, -3*f - 6*t + h = -2*t. What is the units digit of f?
1
Let z = 119 - 85. What is the units digit of z?
4
What is the units digit of 2/(-5) + (-624)/(-10)?
2
What is the tens digit of (-8)/6 - 17725/(